-dc8240 (base 15) to base 10.
-10506885
What is 46870 (base 14) in base 7?
1313600
What is 723be (base 16) in base 5?
104433102
What is -100010011010010000 (base 2) in base 10?
-140944
What is 20200102012122 (base 3) in base 12?
123305b
What is -511663 (base 12) in base 3?
-2101101202210
What is -328414 (base 13) in base 5?
-301024040
Convert 1ea020 (base 16) to base 5.
1003211242
Convert -2404644 (base 9) to base 14.
-25c972
Convert -5541a7 (base 11) to base 8.
-3276466
Convert 6461310 (base 7) to base 12.
320049
-5734514 (base 9) to base 12
-1052311
-11130130210 (base 4) to base 3
-2200111210121
d165b9 (base 14) to base 12
243a673
What is -176160 (base 8) in base 15?
-14234
What is 20310010023 (base 4) in base 10?
2310411
What is 1c7b9 (base 16) in base 11?
7a71a
What is 2a92a (base 13) in base 2?
10011101100001001
1215723 (base 9) to base 8
2411555
Convert -2206646 (base 8) to base 5.
-122441233
What is 103230111 (base 5) in base 9?
748283
What is -8289b (base 15) in base 2?
-1100101000000000000
Convert 29d9d5 (base 16) to base 10.
2742741
Convert -282bd (base 14) to base 9.
-161241
What is 530137 (base 9) in base 3?
121000011021
Convert -667150 (base 11) to base 9.
-2001037
What is cc19 (base 14) in base 6?
431235
Convert b3440 (base 15) to base 3.
1001212002120
Convert 330232400 (base 5) to base 8.
5313105
-1622527 (base 9) to base 3
-1200202120221
What is -44aa874 (base 11) in base 4?
-132012210101
What is -172865 (base 11) in base 7?
-2162060
1102330 (base 4) to base 14
1d12
What is 7770b (base 12) in base 10?
158267
13411042 (base 5) to base 11
94982
What is 37133 (base 14) in base 10?
134697
-4436633 (base 9) to base 10
-2386533
598171 (base 14) to base 4
23222113113
Convert -1060a (base 16) to base 2.
-10000011000001010
-331222123 (base 4) to base 3
-110211110111
Convert 93655 (base 13) to base 3.
111110010121
1451340 (base 6) to base 4
110221230
Convert -40a6c (base 13) to base 12.
-57188
What is 20551036 (base 7) in base 11?
a90a07
Convert 35045364 (base 8) to base 4.
131010223310
55603 (base 10) to base 6
1105231
Convert -23301121 (base 4) to base 5.
-3020332
What is -2548a39 (base 11) in base 7?
-52362630
Convert 2758e5 (base 15) to base 4.
13031322233
Convert 155222 (base 9) to base 2.
10111010111000001
Convert 331110332 (base 5) to base 7.
15055416
10110010101111111101000 (base 2) to base 14
ac67d6
Convert 2534521 (base 8) to base 5.
134442201
What is 11020022220100 (base 3) in base 11?
12a77a4
2012020022202 (base 3) to base 15
1806c2
1322232121 (base 5) to base 16
32ac4f
Convert 10001001101100011101010 (base 2) to base 9.
8436238
What is -9453b8 (base 13) in base 8?
-15164404
-10322310013 (base 4) to base 8
-4726407
What is a394 (base 14) in base 3?
1102121220
27186b (base 12) to base 16
9da93
-213223322 (base 4) to base 9
-266875
18995a (base 11) to base 5
33310222
Convert 5067744 (base 8) to base 4.
11012333210
Convert -1b227 (base 16) to base 13.
-3b786
-1005405 (base 6) to base 10
-47885
-74c15 (base 13) to base 6
-4303425
Convert 215445430 (base 7) to base 3.
220111111021221
Convert 5622361 (base 8) to base 3.
2212001122020
-2010534022 (base 6) to base 12
-6a37312
What is 10101100110000 (base 2) in base 3?
120011111
Convert -1334041334 (base 5) to base 14.
-65205c
Convert -156b8 (base 15) to base 16.
-10d9f
What is 110110111100011011 (base 2) in base 6?
4453523
-53680 (base 10) to base 14
-157c4
Convert -a9ba24 (base 12) to base 16.
-2920fc
-88aa0 (base 14) to base 6
-11034100
Convert -111844 (base 9) to base 6.
-1234151
Convert 210 (base 9) to base 14.
c3
What is -1358524 (base 10) in base 13?
-38747b
What is 98272c (base 13) in base 2?
1101101000111110111100
What is -2015184 (base 10) in base 6?
-111105320
What is 15b7704 (base 15) in base 13?
3361a17
Convert -53c11 (base 14) to base 11.
-129304
Convert 23323231 (base 6) to base 14.
14ca8b
Convert -73825 (base 11) to base 14.
-2b24b
-982370 (base 10) to base 14
-1b8014
What is 102110021010 (base 3) in base 5?
24203303
633b2 (base 12) to base 15
2887b
What is -11030342 (base 5) in base 10?
-95722
Convert 2627b2 (base 12) to base 13.
18c320
-144549 (base 11) to base 5
-24204342
What is b37dd (base 14) in base 16?
698f7
-7642357 (base 9) to base 5
-2022234003
-13321211 (base 5) to base 7
-1103636
-359e0e (base 16) to base 8
-15317016
What is 225c63 (base 13) in base 11?
505741
Convert -10101211110 (base 3) to base 7.
-366114
Convert -146578 (base 10) to base 12.
-709aa
Convert 1605631 (base 7) to base 13.
794b3
-763710a (base 11) to base 14
-1ad4c68
-50a62 (base 12) to base 3
-12100022002
What is -1a280 (base 13) in base 5?
-3112343
-3702 (base 12) to base 14
-2386
Convert -42302220 (base 5) to base 6.
-11324135
Convert -210122031001 (base 4) to base 2.
-100100011010001101000001
-12002201021 (base 3) to base 16
-18829
What is -1012012121221 (base 3) in base 2?
-10011010110001100110
1433412 (base 7) to base 9
324153
Convert 90893 (base 10) to base 3.
11121200102
-12034 (base 9) to base 15
-25ba
-93553 (base 13) to base 15
-535bd
What is 16383816 (base 9) in base 10?
8204100
-34251531 (base 7) to base 2
-1011011001010110111110
-31a03 (base 14) to base 13
-427a4
Convert -aa122 (base 12) to base 3.
-102102101022
-318352 (base 10) to base 6
-10453504
What is 517468 (base 10) in base 8?
1762534
What is -2233 (base 10) in base 14?
-b57
4757876 (base 10) to base 16
489974
What is 12415 (base 11) in base 16?
458b
What is -2ba722 (base 12) in base 11?
-469041
What is 25545aa (base 11) in base 3?
22022221120100
What is -515477 (base 8) in base 7?
-1311001
What is -3a645 (base 12) in base 10?
-80405
Convert -1303601 (base 7) to base 15.
-352ce
Convert -2a7aacb (base 13) to base 8.
-63657436
What is -12a097 (base 12) in base 4?
-1023013303
What is -7520178 (base 9) in base 14?
-76c218
What is -732350a (base 11) in base 10?
-12917970
What is 32558 (base 14) in base 11?
83562
What is 9bcf1 (base 16) in base 9?
1172383
11323088 (base 9) to base 14
a34c94
What is -110000111001000 (base 2) in base 11?
-17897
-5875463 (base 9) to base 15
-42c150
What is -1052526 (base 10) in base 15?
-15bcd6
-717147 (base 8) to base 10
-237159
Convert 239514 (base 10) to base 5.
30131024
What is -2223653 (base 7) in base 13?
-98288
Convert 118421 (base 9) to base 13.
2689c
What is 444008 (base 14) in base 9?
4318781
Convert -2303122 (base 4) to base 11.
-8699
What is -233b3d (base 16) in base 6?
-121253245
-55404402 (base 6) to base 16
-196832
-1111101011111010011 (base 2) to base 7
-4240360
What is 160602 (base 11) in base 6?
5203401
What is -54305151 (base 6) in base 11?
-a00225
-3013562 (base 8) to base 13
-2198c6
-222243420 (base 5) to base 7
-11212161
What is -165094 (base 10) in base 7?
-1255216
Convert -35109 (base 12) to base 11.
-49387
Convert 1010010100101111110 (base 2) to base 4.
1102211332
201002203 (base 4) to base 9
225567
-2212002111 (base 3) to base 5
-3244300
What is 15a84 (base 13) in base 14?
110d2
-40a949 (base 11) to base 14
-13206c
Convert -12313122 (base 4) to base 10.
-28122
Convert -3620454 (base 8) to base 7.
-11266523
Convert -167bb6 (base 16) to base 10.
-1473462
-14637 (base 10) to base 3
-202002010
What is -10103034 (base 5) in base 11?
-56382
1223244 (base 7) to base 15
318b9
What is 2052414 (base 6) in base 13?
368c5
What is -12001010110202 (base 3) in base 11?
-15700a6
What is 112220201102 (base 3) in base 6?
10143102
What is 14152045 (base 6) in base 12?
1b2625
Convert -c8c33 (base 15) to base 13.
-194091
122100013302 (base 4) to base 5
3230204103
11110001010110010 (base 2) to base 5
12423240
5035466 (base 7) to base 4
2101312133
What is -2894c (base 13) in base 14?
-1db2b
Convert 101001101101110100010 (base 2) to base 5.
322220241
Convert -58a10 (base 14) to base 3.
-101222022020
Convert a3cb (base 13) to base 5.
1211034
What is -246760 (base 8) in base 15?
-1a4e3
Convert 1000000000110100010 (base 2) to base 4.
1000012202
What is bb2291 (base 12) in base 11?
1748803
Convert 4204031343 (base 5) to base 6.
505324540
-50378 (base 9) to base 8
-100537
Convert 1450566 (base 12) to base 8.
17454036
1103300441 (base 5) to base 3
11111221100101
What is -1010001000111110000 (base 2) in base 11?
-207706
What is 2535323 (base 6) in base 16?
21843
221200050 (base 6) to base 8
171